 - 4*a + 29. Suppose u*d - o - 621 = 4*d, 4*d = 2*o + 498. What is the hundreds digit of d?
1
Suppose -r - 4*r - 4*q + 27 = 0, -38 = -4*r + 5*q. Suppose j = r*j - 66. What is the units digit of j?
1
Suppose 1033 = -12*k + 16*k + 3*v, -4*v + 255 = k. What is the hundreds digit of k?
2
Let d be (-19)/57 + (-212)/(-6). Let y = d + -23. Let o = 26 - y. What is the units digit of o?
4
What is the hundreds digit of 84384/18 - (-4 + 4)?
6
Let a be (-2 - 2*-2)/(-5 - -6). Suppose -r + 146 = a*f, 2*f + r + 3*r = 146. What is the tens digit of f?
7
Let t be 2/3 - 2786/(-42). Let w = 18 + t. What is the units digit of w?
5
Suppose -12*i - 27*i = -4407. What is the tens digit of i?
1
What is the hundreds digit of (-34)/6*(16 + (-371 - 2))?
0
Let u be -4 - -3 - (-43 - 0). Let j = -7 + 7. Suppose -2*o + j*o + u = 0. What is the units digit of o?
1
Let j = -177 - -182. What is the units digit of j?
5
Suppose -15*t + t + 4858 = 0. What is the tens digit of t?
4
What is the hundreds digit of 5 - 1779*(96/(-18) - -5)?
5
Suppose -4 = 2*n - 4*n + 2*v, 5*n - 40 = -v. Let q(u) = 7*u + 24. What is the tens digit of q(n)?
7
Let u be (-3024)/(-35) + 4/(-10). Suppose -h = -2*m + 91, 2*h = 2*m + 6*h - u. Suppose i = m - 11. What is the units digit of i?
4
Suppose b - 37 + 12 = 0. Suppose 20*u - 21*u = -b. What is the tens digit of u?
2
Suppose 966 = 2*h - 3*m, -5*h + 966 = -3*h - 2*m. What is the units digit of h?
3
Suppose 1 = -l + 3. Suppose -l*y = -51 + 7. Let m = y + -12. What is the units digit of m?
0
Suppose -17*f + 561 + 1734 = 0. What is the tens digit of f?
3
Let d = 20 - 18. Suppose -12 = -3*v - 3*y, -d*v + y = -1 + 5. Suppose -2*w + 10*w - 584 = v. What is the tens digit of w?
7
Suppose 0 = -a + 6 - 3. Let w = -63 + 63. Suppose -a*d = -3*u + 162, -4*d - 3 - 5 = w. What is the units digit of u?
2
Let h(b) = 9*b + 1. Let f be h(1). Suppose -f = -5*w + 35. What is the units digit of w/(-4)*(-9 - -5)?
9
Let i(j) be the first derivative of -3*j**2/2 - 12*j - 3. What is the tens digit of i(-10)?
1
What is the tens digit of 6 - (17524/(-14) - (-76)/(-266))?
5
Let z(d) = -d**3 + 11*d**2 - 7*d - 12. Suppose 0 = 7*b - 5*b - 20. What is the units digit of z(b)?
8
Let w = 134 + -86. Suppose 3*r = -r - w. What is the units digit of (10/6)/((-2)/r)?
0
Let u(w) = -4*w**2 + w**2 + 11*w**2 + 11*w**2 - w + 1. What is the units digit of u(2)?
5
Suppose -6*q + q = 3*v - 6181, 5*v = -3*q + 3715. What is the units digit of q?
5
Let c = -12 - 21. Let t = 30 - c. What is the units digit of t?
3
Let q be -3 + (3 - -3) - 2/2. Suppose q*z + 21 - 243 = 0. What is the hundreds digit of z?
1
Let h be 192/9 - (-2)/(-6). Let y = -8 + h. Let b = 29 - y. What is the tens digit of b?
1
Suppose -6*q - 2*f - 111 = -q, 0 = -5*q - 4*f - 107. Let a = -6 - q. Suppose 0*c - 4*c - 3*l = -a, -5*c = -4*l - 60. What is the units digit of c?
8
Suppose 0 = 4*y + 5*m + 38, -4*y - 3*m - m - 36 = 0. Let o = -4 - y. Suppose -52 + o = -z. What is the tens digit of z?
4
Suppose 2*f = -f + 78. Suppose q + f = 88. What is the units digit of q?
2
Suppose 5*p = 288 - 13. Let c = p - 6. What is the units digit of c?
9
Let p(m) = 4*m**2 - 74*m - 157. What is the thousands digit of p(37)?
2
Let s(z) = z - 3 + 9 - 1 + 2. Let w be s(-8). Let n(b) = -21*b. What is the units digit of n(w)?
1
Suppose -2*l = 5*z - 4875, -12*l - 2946 = -3*z - 9*l. What is the hundreds digit of z?
9
Suppose -4*j + 318 = 4*q - 3*j, -3*q + 244 = -2*j. Let f = q + 52. What is the tens digit of f?
3
Suppose 0 = -4*d + 16, 856 = 2*a + 3*d - 168. What is the units digit of a?
6
Let c(t) = -2*t**2 + 4*t + 10. Let l be c(5). What is the units digit of (-4)/(l/(-25))*-1?
5
Suppose 2*c + c = 2*d - 17, -3*d + 8 = -c. What is the tens digit of c/10*(-78)/1?
3
Suppose -2*b + 446 = -386. What is the tens digit of b?
1
Let n(w) = -w**3 + 10*w**2 - 7*w - 13. Let t be n(9). Suppose 3*k + 3*m = 45, 4*k - t*m + 0*m - 15 = 0. What is the tens digit of k?
1
Let d(j) = j**2 - j + 5. Let y be d(0). Suppose y = 4*w - 3. What is the tens digit of (-284)/(-12) - w/(-6)?
2
Let c = 31 - 16. Suppose 10*p - c*p = -460. What is the units digit of p?
2
Let i(x) be the second derivative of x**7/420 + x**6/144 - x**5/24 + x**4/6 + 13*x. Let g(b) be the third derivative of i(b). What is the tens digit of g(2)?
2
Let z be (-24)/(0 + -3) + -4. Let i be 56/24 - z/(-6). Suppose -250 = -2*u - i*u. What is the units digit of u?
0
What is the tens digit of -4 + (0 - -5 - -693)?
9
Let d(r) = 26*r + 4. Let b be -6*(-4 - 32/(-12)). What is the units digit of d(b)?
2
Let t be 54/12*(-8)/(-2). Suppose 0 = -i - 14 + t. What is the units digit of i?
4
Suppose -4*j + 14 = -10. Suppose 3*t - j*t - g = -70, -4*t + 5*g = -106. Suppose -f + t = f. What is the units digit of f?
2
Let z(m) = 2*m**2 - 6*m + 2. Let s = 31 + -63. Let w be s/8*(0 - 1). What is the tens digit of z(w)?
1
Let z be (1 - 0 - 1) + (1405 - 31). Suppose 10*g - 16*g = -z. What is the units digit of g?
9
Suppose 8 = -8*m + 12*m. Suppose -6*v + m*v = -496. Suppose -v + 4 = -3*p. What is the tens digit of p?
4
Suppose 0*x - x + 14 = 0. Suppose x*q = 15*q - 10. What is the tens digit of q?
1
What is the tens digit of 10*(-12)/(-180) + 572/6?
9
Let h = -70 + 229. Let q = 241 - h. What is the units digit of q?
2
Let y be (-2 + 1)*-2 + -1. Let i be y + 6*(-2)/(-3). Suppose -i*g - h = -229, -65 = -g + 2*h - 7*h. What is the units digit of g?
5
Suppose -8*a + 3*x + 21925 = 0, x - 12505 - 1201 = -5*a. What is the tens digit of a?
4
Suppose 8*c - 7*c = 3*g + 684, -3*c - 5*g = -2052. What is the tens digit of c?
8
Let n = -2878 - -5115. What is the hundreds digit of n?
2
Suppose 20 = 2*d - 0. Let v(t) = t + t + 14*t + d*t. What is the units digit of v(1)?
6
Suppose 2*u + 123 = 3*m, 4*m + 4*u = -0*m + 184. Let r = 0 + m. What is the tens digit of r?
4
Suppose 5*s + 5*f - 5 = 0, -2*s - 4*f - 6 = -0*f. Suppose 16 = 4*x - s*l, 0*l - 3*l - 15 = 3*x. What is the tens digit of (28/(-21))/(x/18)?
2
Let k = 10 + -9. Let h be 13 + 5 - -2*k. What is the units digit of (2 - 1)*h/4?
5
Let i be (-2 + 3)*1 - -16. Suppose 2*b - 27 = -i. Let a(j) = 12*j - 11. What is the tens digit of a(b)?
4
Let c(h) = 19*h - 1. Suppose 2 - 1 = k. Let l be c(k). Let a = -9 + l. What is the units digit of a?
9
Let b = -24 - -23. Let j be -1 + (-16)/(-2) + -1. Let u = j + b. What is the units digit of u?
5
What is the hundreds digit of (-5494)/(-18) - 31/((-2790)/(-20))?
3
Let o(l) = -l - 1. Let a be o(-3). Suppose s + d - 154 = 0, 3*d - 2*d - 312 = -a*s. What is the units digit of s?
8
Let j(l) = -l**2 + 5*l + 9. Let g be j(5). Suppose -6*w = -g*w + 15. What is the units digit of w?
5
Let f = -108 - -17. Let h = 197 + f. What is the units digit of h?
6
Suppose -5*d + 2258 + 3059 = 3*l, 0 = -2*d - 2. What is the thousands digit of l?
1
Suppose 9*j = 10*j - 62. Suppose p - j - 101 = -2*o, 326 = 2*p + 3*o. What is the units digit of p?
3
Let n = 712 + 181. What is the units digit of n?
3
Let u be (-3)/9 - 32/(-6). Suppose 5*s - 3*j = j + 62, -5*j = 2*s - u. What is the tens digit of s?
1
Let r be 2/((-2 - -1)*2). Let q = -6 + r. Let g = q - -33. What is the units digit of g?
6
Let y = -25 + 15. Let q be (6/(-10))/(2/y). Suppose q*l + 3*l = 12. What is the units digit of l?
2
Suppose -2*v - 151 = -t - 4*t, 0 = -t - 2*v + 23. Let x = 1 + t. What is the tens digit of x?
3
Suppose -4*x = r - 202, -3*r + 499 = 2*x - 57. Let t = -102 + r. Suppose -o + t = o. What is the tens digit of o?
4
Suppose 5*n - 364 = -6*a + 2*a, -4*a + 4*n + 400 = 0. Let b = 154 - a. Suppose -2*w + b = -0*w. What is the units digit of w?
9
What is the tens digit of (4 + (3 - 10))/(3/(-651))?
5
Let j(z) = -z**3 - 13*z**2 + 3*z + 55. What is the units digit of j(-16)?
5
Suppose -p - 4*b + 1 = 0, p + 2*p - 4*b = -29. Let r be p/((-21)/(-222)) - 2. Let g = 136 + r. What is the tens digit of g?
6
Let o = 16 - 23. Let u = o + 5. What is the units digit of (3*-5)/(u/4)?
0
Let z(x) be the second derivative of x**4/12 - 2*x**3/3 - 21*x**2/2 - 12*x. What is the units digit of z(9)?
4
Let v = 10 + -6. Suppose p - 9 = v*p. What is the units digit of (-7 - p) + 12/2?
2
What is the hundreds digit of 4/(-10) - 74646/(-90)?
8
Let j be (1/((-6)/8))/(3/(-9)). Suppose 2*t = 2*s + t - 549, -2*s - j*t = -534. What is the t